{"id":490,"date":"2020-08-22T19:04:49","date_gmt":"2020-08-22T19:04:49","guid":{"rendered":"http:\/\/leoreyesdev.com\/academiaguarni.com\/?page_id=490"},"modified":"2026-02-18T18:11:25","modified_gmt":"2026-02-18T18:11:25","slug":"cursos-de-corte-y-confeccion-100-virtuales","status":"publish","type":"page","link":"https:\/\/leoreyesdevlabs.com\/academiaguarni\/","title":{"rendered":"Cursos de corte y Confecci\u00f3n en Costa Rica"},"content":{"rendered":"\n<p>En esta nueva temporada del 2026 tenemos cursos en varias comunidades de costa rica, estaremos en perez zeledon y estaremos en coronado matriculese o para mas informacion consulte nuestro facebook click<a href=\"https:\/\/www.facebook.com\/p\/Academia-y-Metodo-guarni-100063637968232\/\" data-type=\"link\" data-id=\"https:\/\/www.facebook.com\/p\/Academia-y-Metodo-guarni-100063637968232\/\"> aqui<\/a><\/p>\n\n\n\n<p><strong>ATENCION VECINAS DE PEREZ ZELED\u00d3N<\/strong><\/p>\n\n\n\n<figure class=\"wp-block-image size-large\"><img loading=\"lazy\" decoding=\"async\" width=\"683\" height=\"1024\" src=\"https:\/\/leoreyesdevlabs.com\/academiaguarni\/wp-content\/uploads\/2026\/02\/volante-pz-683x1024.png\" alt=\"\" class=\"wp-image-606\" srcset=\"https:\/\/leoreyesdevlabs.com\/academiaguarni\/wp-content\/uploads\/2026\/02\/volante-pz-683x1024.png 683w, https:\/\/leoreyesdevlabs.com\/academiaguarni\/wp-content\/uploads\/2026\/02\/volante-pz-200x300.png 200w, https:\/\/leoreyesdevlabs.com\/academiaguarni\/wp-content\/uploads\/2026\/02\/volante-pz-768x1152.png 768w, https:\/\/leoreyesdevlabs.com\/academiaguarni\/wp-content\/uploads\/2026\/02\/volante-pz.png 1024w\" sizes=\"auto, (max-width: 683px) 100vw, 683px\" \/><\/figure>\n\n\n\n<p class=\"has-medium-font-size\"><strong>ATENCION VECINAS DE SANTA CRUZ DE LEON CORTES, ZONA DE LOS SANTOS<\/strong><\/p>\n\n\n\n<p>Curso de Corte y confecci\u00f3n<\/p>\n\n\n\n<p>Curso en la ZONA DE LOS SANTOS<\/p>\n\n\n\n<figure class=\"wp-block-image size-large\"><img loading=\"lazy\" decoding=\"async\" width=\"683\" height=\"1024\" src=\"https:\/\/leoreyesdevlabs.com\/academiaguarni\/wp-content\/uploads\/2026\/02\/uncosantos-683x1024.png\" alt=\"\" class=\"wp-image-595\"\/><\/figure>\n\n\n\n<p><strong>Matric\u00falese<\/strong> mediante SINPE movil al 8879-2020 Uni\u00f3n Nacional de Cooperativas de la Regi\u00f3n de los Santos y Zonas aleda\u00f1as (UNCOSANTOS)<\/p>\n\n\n\n<p class=\"has-medium-font-size\"><strong>FECHA LIMITE DE MATRICULA: JUEVES 19 DE FEBRERO 2026<\/strong><\/p>\n\n\n\n<p class=\"has-medium-font-size\"><strong>LUGAR DE CLASES: Sala de sesiones APACOOP en Santa Cruz de Leon Cortes<\/strong><\/p>\n\n\n\n<p class=\"has-medium-font-size\"><strong>D\u00edas de clase: VIERNES DE 1:00 A 3:00<\/strong><\/p>\n\n\n\n<p>MATR\u00cdCULA 400 COLONES<\/p>\n\n\n\n<p>Informes: 8879-2020 \/ 8693 2718<\/p>\n\n\n\n<hr class=\"wp-block-separator has-alpha-channel-opacity\"\/>\n\n\n\n<p class=\"has-medium-font-size\"><strong>ATENCION VECINAS DE CORONADO<\/strong><\/p>\n\n\n\n<p>Curso de Corte y confecci\u00f3n<\/p>\n\n\n\n<p><strong>Matric\u00falese<\/strong> en la iglesia adventista 300m del restaurante la casona este jueves 12 DE FEBRERO DE 1 a 5 pm<\/p>\n\n\n\n<p class=\"has-medium-font-size\"><strong>Inicio de clases: JUEVES 19 de FEBRERO<\/strong><\/p>\n\n\n\n<p><strong>Horarios: JUEVES 1:30pm a 3:30pm o de 3:30pm a 5:30pm<\/strong><\/p>\n\n\n\n<p class=\"has-medium-font-size\"><strong>D\u00edas de clase: JUEVES<\/strong><\/p>\n\n\n\n<p>MATR\u00cdCULA 400 COLONES<\/p>\n\n\n\n<p>Informes: 8790-5720<\/p>\n","protected":false},"excerpt":{"rendered":"<p>En esta nueva temporada del 2026 tenemos cursos en varias comunidades de costa rica, estaremos en perez zeledon y estaremos en coronado matriculese o para mas informacion consulte nuestro facebook click aqui ATENCION VECINAS DE PEREZ ZELED\u00d3N ATENCION VECINAS DE SANTA CRUZ DE LEON CORTES, ZONA DE LOS SANTOS Curso de Corte y confecci\u00f3n Curso [&hellip;]<\/p>\n","protected":false},"author":1,"featured_media":561,"parent":0,"menu_order":0,"comment_status":"closed","ping_status":"closed","template":"","meta":{"footnotes":""},"class_list":["post-490","page","type-page","status-publish","has-post-thumbnail","hentry"],"_links":{"self":[{"href":"https:\/\/leoreyesdevlabs.com\/academiaguarni\/wp-json\/wp\/v2\/pages\/490","targetHints":{"allow":["GET"]}}],"collection":[{"href":"https:\/\/leoreyesdevlabs.com\/academiaguarni\/wp-json\/wp\/v2\/pages"}],"about":[{"href":"https:\/\/leoreyesdevlabs.com\/academiaguarni\/wp-json\/wp\/v2\/types\/page"}],"author":[{"embeddable":true,"href":"https:\/\/leoreyesdevlabs.com\/academiaguarni\/wp-json\/wp\/v2\/users\/1"}],"replies":[{"embeddable":true,"href":"https:\/\/leoreyesdevlabs.com\/academiaguarni\/wp-json\/wp\/v2\/comments?post=490"}],"version-history":[{"count":10,"href":"https:\/\/leoreyesdevlabs.com\/academiaguarni\/wp-json\/wp\/v2\/pages\/490\/revisions"}],"predecessor-version":[{"id":608,"href":"https:\/\/leoreyesdevlabs.com\/academiaguarni\/wp-json\/wp\/v2\/pages\/490\/revisions\/608"}],"wp:featuredmedia":[{"embeddable":true,"href":"https:\/\/leoreyesdevlabs.com\/academiaguarni\/wp-json\/wp\/v2\/media\/561"}],"wp:attachment":[{"href":"https:\/\/leoreyesdevlabs.com\/academiaguarni\/wp-json\/wp\/v2\/media?parent=490"}],"curies":[{"name":"wp","href":"https:\/\/api.w.org\/{rel}","templated":true}]}}